740?
True
Is 3 a factor of 53479?
False
Is 41 a factor of 47847?
True
Does 1722 divide 8582965?
False
Is 890 a factor of 396861?
False
Is 61 a factor of 17564484?
False
Is 162 a factor of 1273320?
True
Does 69 divide 72036?
True
Is 13266535 a multiple of 37?
True
Is 91546 a multiple of 359?
False
Is 9194737 a multiple of 101?
True
Is 58 a factor of 50342?
False
Is 314 a factor of 1047360?
False
Is 74 a factor of 65811?
False
Is 97 a factor of 450565?
True
Does 234 divide 139932?
True
Does 594 divide 22857120?
True
Is 433 a factor of 604736?
False
Does 57 divide 3531663?
True
Does 581 divide 19648258?
True
Is 13 a factor of 17834925?
False
Does 27 divide 669627?
True
Is 505503 a multiple of 4?
False
Is 26 a factor of 84968?
True
Does 270 divide 3930936?
False
Does 139 divide 448136?
True
Is 165 a factor of 1797854?
False
Does 25 divide 4085625?
True
Is 993370 a multiple of 783?
False
Is 69 a factor of 733659?
False
Is 40 a factor of 556663?
False
Is 56230 a multiple of 79?
False
Is 11 a factor of 9567863?
False
Is 422059 a multiple of 671?
True
Is 36 a factor of 120636?
True
Is 271719 a multiple of 171?
True
Does 19 divide 6180377?
True
Is 11 a factor of 55363?
True
Is 217 a factor of 246178?
False
Is 89898 a multiple of 638?
False
Is 1227 a factor of 8965689?
True
Is 30 a factor of 218070?
True
Is 4164528 a multiple of 48?
True
Does 9 divide 281191?
False
Does 666 divide 281052?
True
Is 5812983 a multiple of 827?
True
Does 4 divide 6461099?
False
Is 169016 a multiple of 22?
False
Does 18 divide 1211155?
False
Is 22 a factor of 895950?
True
Is 44 a factor of 5460488?
True
Does 7 divide 977295?
False
Is 455 a factor of 3990350?
True
Is 30184 a multiple of 22?
True
Is 1448352 a multiple of 963?
True
Does 12 divide 304572?
True
Is 1960 a multiple of 20?
True
Does 164 divide 138207?
False
Does 55 divide 28620?
False
Does 534 divide 767358?
True
Is 1620437 a multiple of 13?
True
Is 29 a factor of 379059?
True
Is 236940 a multiple of 359?
True
Does 22 divide 288752?
False
Does 765 divide 4001715?
True
Does 288 divide 182097?
False
Is 380990 a multiple of 10?
True
Does 1178 divide 1599886?
False
Is 35 a factor of 171675?
True
Does 13 divide 213740?
False
Is 32 a factor of 6764706?
False
Does 126 divide 165729?
False
Is 46 a factor of 4875132?
False
Does 429 divide 2026596?
True
Is 303980 a multiple of 11?
False
Does 152 divide 249638?
False
Is 15374751 a multiple of 177?
True
Is 55806 a multiple of 33?
False
Is 2115367 a multiple of 468?
False
Is 149145 a multiple of 3?
True
Is 195829 a multiple of 278?
False
Does 42 divide 3719264?
False
Is 15 a factor of 189540?
True
Does 6 divide 779242?
False
Is 168930 a multiple of 9?
True
Is 1716 a factor of 8203584?
False
Is 1440 a multiple of 60?
True
Is 117268 a multiple of 7?
False
Is 47 a factor of 109416?
True
Is 4657677 a multiple of 23?
False
Does 6 divide 5150724?
True
Does 147 divide 97755?
True
Does 241 divide 22119?
False
Is 158 a factor of 373512?
True
Does 3 divide 121515?
True
Is 98574 a multiple of 16?
False
Is 32 a factor of 1762750?
False
Is 213 a factor of 1506123?
True
Is 35443 a multiple of 23?
True
Does 6 divide 1861344?
True
Is 1168359 a multiple of 200?
False
Is 7678737 a multiple of 11?
True
Is 149640 a multiple of 29?
True
Is 2 a factor of 76189?
False
Does 110 divide 470910?
True
Is 144861 a multiple of 5?
False
Is 961 a factor of 9755055?
False
Does 412 divide 9203668?
True
Is 90667 a multiple of 160?
False
Does 23 divide 100855?
True
Is 3315945 a multiple of 265?
True
Does 72 divide 92008?
False
Is 12 a factor of 33213?
False
Does 92 divide 1623543?
False
Is 4 a factor of 1346688?
True
Does 152 divide 11042648?
True
Is 455871 a multiple of 24?
False
Does 8 divide 5082?
False
Does 25 divide 1681329?
False
Is 10 a factor of 115470?
True
Is 712300 a multiple of 10?
True
Is 1358161 a multiple of 26?
False
Is 1705200 a multiple of 16?
True
Is 3774420 a multiple of 30?
True
Is 197 a factor of 35657?
True
Is 204854 a multiple of 323?
False
Is 362784 a multiple of 96?
True
Is 3 a factor of 135327?
True
Does 493 divide 139045?
False
Is 115 a factor of 1385559?
False
Is 6 a factor of 131893?
False
Does 28 divide 38017?
False
Is 462058 a multiple of 528?
False
Is 272928 a multiple of 8?
True
Is 508629 a multiple of 111?
False
Is 13 a factor of 4503118?
False
Is 788837 a multiple of 52?
False
Is 1425709 a multiple of 16?
False
Is 52 a factor of 1631916?
True
Does 389 divide 315479?
True
Is 647 a factor of 7652848?
False
Does 17 divide 2541736?
False
Is 91550 a multiple of 50?
True
Does 2 divide 1575309?
False
Is 180840 a multiple of 440?
True
Is 8 a factor of 2733288?
True
Is 483128 a multiple of 131?
True
Does 731 divide 652996?
False
Is 223 a factor of 550001?
False
Is 5214673 a multiple of 212?
False
Is 7 a factor of 1543101?
True
Does 20 divide 8861?
False
Is 105 a factor of 854223?
False
Does 7 divide 69614?
False
Is 304 a factor of 1483824?
True
Is 1081 a factor of 7835088?
True
Does 182 divide 3110759?
False
Is 965988 a multiple of 6?
True
Is 120 a factor of 1484760?
True
Is 194850 a multiple of 225?
True
Is 1722564 a multiple of 569?
False
Is 68702 a multiple of 6?
False
Is 222 a factor of 264711?
False
Is 17 a factor of 2515560?
False
Is 1407 a factor of 578520?
False
Does 131 divide 1466892?
False
Is 309 a factor of 1295019?
True
Is 1136088 a multiple of 72?
True
Does 13 divide 1734681?
True
Does 84 divide 4512732?
True
Is 601 a factor of 720193?
False
Does 65 divide 865?
False
Does 728 divide 5856760?
True
Does 51 divide 20432?
False
Does 105 divide 1236018?
False
Is 24885 a multiple of 45?
True
Does 80 divide 3530868?
False
Is 55 a factor of 17891244?
False
Is 82292 a multiple of 13?
False
Is 1182684 a multiple of 248?
False
Is 13 a factor of 15671123?
True
Does 4 divide 40504?
True
Does 377 divide 973957?
False
Is 146497 a multiple of 195?
False
Is 28954 even?
True
Is 6622000 a multiple of 16?
True
Is 320630 a multiple of 44?
False
Does 74 divide 115749?
False
Does 11 divide 8198991?
False
Does 19 divide 5869670?
True
Is 802509 a multiple of 20?
False
Is 4 a factor of 563176?
True
Does 8 divide 3444?
False
Does 185 divide 24003750?
True
Is 15 a factor of 49530?
True
Is 80 a factor of 1269805?
False
Is 20 a factor of 1550909?
False
Does 780 divide 3228420?
True
Is 8023491 a multiple of 4?
False
Does 260 divide 982938?
False
Does 663 divide 526584?
False
Is 6 a factor of 75846?
True
Is 90370 a multiple of 10?
True
Is 788272 a multiple of 38?
True
Is 4091403 a multiple of 39?
False
Is 22 a factor of 3808548?
False
Is 50437 a multiple of 68?
False
Is 186561 a multiple of 14?
False
Does 6 divide 96612?
True
Is 200161 a multiple of 19?
False
Is 2489199 a multiple of 321?
False
Is 887712 a multiple of 14?
True
Is 12045384 a multiple of 2271?
True
Is 18 a factor of 221492?
False
Is 9430290 a multiple of 54?
True
Is 464 a factor of 5060384?
True
Does 84 divide 380700?
False
Is 75106 a multiple of 26?
False
Is 859 a factor of 1511840?
True
Is 419232 a multiple of 384?
False
Is 20 a factor of 610534?
False
Is 530 a factor of 473667?
False
Does 38 divide 80711?
False
Does 3 divide 15091?
False
Is 12 a factor of 37279?
False
Is 465464 a multiple of 30?
False
Is 11 a factor of 863795?
False
Is 6 a factor of 43644?
True
Does 70 divide 22549404?
False
Is 156 a factor of 1605?
False
Does 115 divide 42285?
False
Does 39 divide 49686?
True
Does 1429 divide 10983903?
False
Is 65637 a multiple of 11?
True
Is 558392 a multiple of 313?
True
Does 14 divide 1209936?
True
Does 5 divide 205608?
False
Does 150 divide 1054695?
False
Is 7 a factor of 90620?
False
Is 580 a factor of 755160?
True
Is 171007 a multiple of 12?
False
Does 126 divide 35759?
False
Does 28 divide 2488036?
False
Is 92170 a multiple of 65?
True
Is 429 a factor of 534630?
False
Does 93 divide 2195209?
False
Is 905926 a multiple of 36?
False
Is 16 a factor of 2793184?
True
Does 209 divide 178904?
True
Does 4 divide 46732?
True
Does 200 divide 3889199?
False
Is 146281 a multiple of 21?
False
Is 50 a factor of 17759989?
False
Is 600840 a multiple of 60?
True
Is 147 a factor of 162729?
True
Is 3 a factor of 780871?
False
Is 702084 a multiple of 164?
True
Does 15 divide 2069670?
True
Is 13314013 a multiple of 93?
False
Is 6124396 a multiple